t common factor of p and i?
17
Let r be -1*(-2 - 0/5). Suppose 0 = -5*m - 4*g + 8*g + 88, 0 = r*m - g - 37. Calculate the highest common divisor of m and 490.
10
Let k(l) = -2*l**2 + 142*l + 939. Let f be k(-6). What is the greatest common divisor of 1400 and f?
5
Let i be (-3970)/(-10) + 1 + -18. What is the greatest common divisor of 70 and i?
10
Suppose 5488 - 38608 = -92*o. What is the greatest common divisor of o and 1200?
120
Let l(a) = -57*a**2 - 2*a - 1. Let w = -32 + 31. Let r be l(w). Let k = 67 + r. What is the greatest common factor of k and 99?
11
Suppose 2*l - 2*m + 7*m - 1648 = 0, -3*l = -4*m - 2495. Suppose l*j - 297 = 828*j. Calculate the greatest common divisor of 54 and j.
27
Let l = -10544 + 10556. What is the highest common divisor of l and 15684?
12
Let l = 104 + -97. Suppose 4*b + 4*j = 820, -b + 3*b - j = 404. Calculate the greatest common factor of l and b.
7
Let p be (19 + 2916/72)/((-1)/(-16)). What is the highest common divisor of 168 and p?
56
Let i(k) = -3*k - 116. Let b(o) = -1. Let y(a) = 6*b(a) - i(a). Let n be y(-31). What is the highest common factor of 17 and n?
17
Suppose -m - 3*g = 888, 0 = 3*m - g - 4*g + 2636. Let v = 1372 + m. What is the greatest common divisor of 49 and v?
49
Suppose -2*q - 13 = -3*k - 83, 5*k - 54 = -2*q. Calculate the greatest common factor of 8 and q.
8
Let u be -3 - -9*(-5)/(-15). Let w(o) = 2*o**3 - 2*o**2 - o + 22. Let k be w(u). Calculate the highest common divisor of k and 4.
2
Let p(w) = 14*w + 62. Suppose -13*z + 9*z + 60 = 0. Let m be p(z). Suppose a = -7*a + m. What is the greatest common divisor of a and 374?
34
Let o be (1328/(-176) - -8)*11. What is the greatest common divisor of 295 and o?
5
Let z be 12 + 183/12*4. Calculate the greatest common divisor of 1825 and z.
73
Let v be ((2/(-6))/1)/(30/(-1440)). What is the greatest common factor of v and 18704?
16
Let c(u) = 38*u - 35. Let v be c(15). Let o = v - 144. Calculate the highest common factor of o and 17.
17
Let r be (-15198)/(-14) + (3906/(-147) - -26). Calculate the highest common factor of r and 700.
35
Suppose 29 = -0*o + o + 5*q, 0 = -4*o - 5*q + 56. Let t(u) = -3*u**2 + 80*u - 53. Let x be t(25). Calculate the greatest common divisor of o and x.
9
Let q = 381 + -118. Suppose 0*f = f - 4*w - q, 4*f + 2*w = 1106. Calculate the greatest common divisor of 11 and f.
11
Suppose 211 = 33*k + 46. Suppose -307 = -k*j - 4*l, 0*l - 5*l - 73 = -j. What is the highest common divisor of 27 and j?
9
Suppose 3*h + m - 563 = 0, -175*h + 752 = -171*h + m. Calculate the greatest common divisor of h and 1043.
7
Let o = -49 - -52. Suppose 5*u = -4*k + 27, o*u - 9 = -k + 3. Suppose -4*f = 2*a - f - 601, 1471 = 5*a - u*f. Calculate the greatest common divisor of 37 and a.
37
Suppose -n + 61 = -19. Let f = n - -11. Let j be f/77 + 2/(-11) + 23. Calculate the highest common divisor of j and 16.
8
Let v be (-15)/(-20) - 39/(-12). Let u be (-27)/(-1) - (4 - v). Let t = 20327 - 20291. Calculate the greatest common factor of t and u.
9
Suppose -37*h - 1302 = -58*h. Suppose 3*w - 277 = 2*a, -2*w + 275 = w - 4*a. What is the highest common divisor of w and h?
31
Suppose -58 = -7*x + 215. Suppose -2*u + 2*a = 20, 4*u - 13 + x = -3*a. Let b(q) = q + 29. Let c be b(u). Calculate the greatest common factor of c and 7.
7
Suppose 5*s + 5 = 0, 6*s = 3*x + 10*s - 26. Suppose -25*a + 160 - x = 0. Calculate the highest common factor of 81 and a.
3
Suppose 0 = -2*w + 20*t - 24*t + 268, 0 = 3*w - t - 374. What is the greatest common divisor of 12852 and w?
126
Suppose s - 12 = -5*t + 7, -3*s + 4*t + 19 = 0. Suppose -76*w - 3705 = -141*w. Calculate the greatest common factor of w and s.
3
Let l(c) = -c**3 - 33*c**2 + 3. Let f be l(-33). Suppose -2*k - 31 = -f*u, -38*u + 41*u = -4*k + 1. Calculate the highest common factor of 6 and u.
1
Let s(p) = 661*p - 653. Let a be s(1). What is the highest common factor of 2104 and a?
8
Let x = 2513 + -2279. Calculate the highest common divisor of x and 18.
18
Let q be -17 + 12 - 100*1. Let a be (84/15)/(-6 + (-644)/q). What is the highest common factor of 546 and a?
42
Suppose -i = -4*j + 3*j + 3, -5*i - 6 = -2*j. Suppose 0*w - 4*w + 96 = i. Let s be -13*(-44)/12 + 2/6. What is the greatest common factor of w and s?
24
Suppose -11*r + 276 - 111 = 0. Suppose -4*q - s - 182 - 6 = 0, -5*q - 244 = -s. Let y be (15/(-6))/(2/q). Calculate the highest common divisor of r and y.
15
Let q(v) = -2*v**3 - 82*v**2 + 162*v - 40. Let o be q(-43). Calculate the highest common divisor of 7605 and o.
195
Suppose 2785 = 34*m - 33*m - 5*g, 0 = 2*m + 2*g - 5558. Calculate the greatest common factor of 20 and m.
20
Suppose -3*r - 2*r = -160. Suppose 0 = 5*d - c - r, -6*d + 11*d = 2*c + 34. Let x be (-2 - (-2 + -1))*2. Calculate the highest common factor of x and d.
2
Let s be 384192/224 + (-18)/(-21). What is the greatest common divisor of s and 60?
12
Suppose 25*v = -7*v + 74240. Suppose -99*w - v = -107*w. What is the greatest common factor of w and 232?
58
Suppose 11 = -2*c + 35. Let v(p) be the second derivative of p**4/4 + p**3 - 6*p**2 + 80*p. Let q be v(6). Calculate the highest common factor of c and q.
12
Suppose -5*d = 2*v - 385, 108*d + 225 = v + 104*d. What is the highest common divisor of v and 415?
5
Let c be ((-90)/20)/((-38)/1140). What is the highest common factor of c and 279?
9
Suppose 176 = -16*v + 704. Suppose -v*u + 30 = -36. Calculate the highest common divisor of 1 and u.
1
Suppose -9*c = -43 - 2. Let k(u) = -2*u - 5*u**2 + 8 + c*u**2 - u**2 + 2*u**3. Let z be k(4). What is the highest common factor of 16 and z?
16
Let h = -3379 + 3999. Calculate the greatest common factor of h and 16.
4
Suppose -4110 = -45*u + 3180. Calculate the greatest common factor of 108 and u.
54
Suppose -68*k - 54320 = -71128 - 158360. Calculate the highest common factor of 112 and k.
112
Suppose 3*g - 4*f = -217, -2*g - 138 = 5*f - 9*f. Let s = -49 - g. What is the greatest common divisor of 10 and s?
10
Let d be 936/16*(-240)/(-108). Let h(w) = -w**3 + 13*w**2 - 8*w + 4. Let b be h(12). Calculate the highest common factor of b and d.
26
Suppose -62*j = 55*j + 19*j - 83640. What is the greatest common factor of j and 15?
15
Let y be (-1)/5 - 162/(-10). Let g(m) = -3*m - 15. Let f be g(-8). Let d be (-144)/(-27) - ((-60)/f)/(-5). Calculate the highest common divisor of d and y.
4
Suppose 193*v - 4072 = 185*v. Suppose -2417 + v = -3*h. Calculate the greatest common divisor of 53 and h.
53
Suppose 5*u - 78 = -3*w, -4*u + 2*w + 0 = -36. Calculate the greatest common factor of u and 13164.
12
Let l = -86 - -89. Suppose -5*i + 3*r = -111, -r - 36 = -2*i + l*r. Suppose i = v - 5*u, u + 0*u + 16 = v. What is the greatest common factor of 35 and v?
7
Suppose -59*y - 90483 = -2*u - 42*y, 0 = y + 7. What is the highest common divisor of 82 and u?
82
Let g = 36940 - 36873. What is the highest common factor of 9983 and g?
67
Let f(b) = -25*b**2 - 523*b + 16. Let p be f(-18). What is the greatest common divisor of p and 70?
70
Let p = 7 - 64. Let h = p + 65. What is the greatest common factor of h and 256?
8
Suppose 36*d - 105*d + 6175 = 26*d. Calculate the greatest common factor of 15 and d.
5
Suppose 5*q = 3*w + 72, 2*q - 5*w - 31 = -6*w. Suppose 0 = q*b + 14*b - 1566. What is the highest common divisor of b and 27?
27
Let a be -3 - 133/21*-3. Let x = 0 + -20. Let n = a - x. Calculate the highest common divisor of 90 and n.
18
Suppose -18853 = -6*b + 131. What is the highest common divisor of 28 and b?
28
Suppose 1 - 11 = -2*b, 0 = 3*g - b - 43. Let a(m) = 40*m - 108. Let i be a(g). Calculate the greatest common divisor of 19 and i.
19
Let g be 12/90 + (36222/21)/(30/28). What is the highest common factor of 42 and g?
14
Let y = 23742 - 23077. What is the greatest common factor of y and 1715?
35
Suppose 0 = 4*z - 54 + 6. Suppose 0 = o + 4*q - 10 - 6, 0 = 5*o + 3*q - 63. Calculate the highest common factor of z and o.
12
Let f be -2 - ((-4 - -2) + 0). Suppose f = -c - 2 + 8. Let d(p) = 7*p - 28. Let q be d(c). Calculate the greatest common factor of q and 56.
14
Let n = -401 - 210. Let w = -368 - n. Suppose z = -5*b + 2*b + 30, 2*b = 3*z - 79. What is the highest common factor of w and z?
27
Let i(f) = 2*f**3 - 8*f + 20. Let q be i(2). Let w(